{"id":1799,"date":"2026-01-20T04:23:04","date_gmt":"2026-01-20T04:23:04","guid":{"rendered":"https:\/\/oroha.com.mx\/?post_type=product&#038;p=1799"},"modified":"2026-01-20T04:23:49","modified_gmt":"2026-01-20T04:23:49","slug":"porta-bolsa-ag-011-oro","status":"publish","type":"product","link":"https:\/\/oroha.com.mx\/?product=porta-bolsa-ag-011-oro","title":{"rendered":"PORTA BOLSA AG 011 ORO"},"content":{"rendered":"<p>Porta bolsa para colgar o exhibir bolsas, articulos.<br \/>\nMetal aleaci\u00f3n Zinc, Color Oro<br \/>\nAltura ajustable entre 40 y 65 cms<br \/>\n*Este exhibidor est\u00e1 dise\u00f1ado para exhibir 2 art\u00edculos<\/p>\n","protected":false},"excerpt":{"rendered":"<p>Porta bolsa AG-011 Oro<\/p>\n","protected":false},"featured_media":1800,"comment_status":"open","ping_status":"closed","template":"","meta":[],"product_brand":[],"product_cat":[53],"product_tag":[],"class_list":{"0":"post-1799","1":"product","2":"type-product","3":"status-publish","4":"has-post-thumbnail","6":"product_cat-porta-bolsas","8":"first","9":"instock","10":"shipping-taxable","11":"product-type-simple"},"_links":{"self":[{"href":"https:\/\/oroha.com.mx\/index.php?rest_route=\/wp\/v2\/product\/1799","targetHints":{"allow":["GET"]}}],"collection":[{"href":"https:\/\/oroha.com.mx\/index.php?rest_route=\/wp\/v2\/product"}],"about":[{"href":"https:\/\/oroha.com.mx\/index.php?rest_route=\/wp\/v2\/types\/product"}],"replies":[{"embeddable":true,"href":"https:\/\/oroha.com.mx\/index.php?rest_route=%2Fwp%2Fv2%2Fcomments&post=1799"}],"wp:featuredmedia":[{"embeddable":true,"href":"https:\/\/oroha.com.mx\/index.php?rest_route=\/wp\/v2\/media\/1800"}],"wp:attachment":[{"href":"https:\/\/oroha.com.mx\/index.php?rest_route=%2Fwp%2Fv2%2Fmedia&parent=1799"}],"wp:term":[{"taxonomy":"product_brand","embeddable":true,"href":"https:\/\/oroha.com.mx\/index.php?rest_route=%2Fwp%2Fv2%2Fproduct_brand&post=1799"},{"taxonomy":"product_cat","embeddable":true,"href":"https:\/\/oroha.com.mx\/index.php?rest_route=%2Fwp%2Fv2%2Fproduct_cat&post=1799"},{"taxonomy":"product_tag","embeddable":true,"href":"https:\/\/oroha.com.mx\/index.php?rest_route=%2Fwp%2Fv2%2Fproduct_tag&post=1799"}],"curies":[{"name":"wp","href":"https:\/\/api.w.org\/{rel}","templated":true}]}}