{"id":1795,"date":"2026-01-20T03:58:53","date_gmt":"2026-01-20T03:58:53","guid":{"rendered":"https:\/\/oroha.com.mx\/?post_type=product&#038;p=1795"},"modified":"2026-01-20T04:25:50","modified_gmt":"2026-01-20T04:25:50","slug":"porta-bolsa-ag-011","status":"publish","type":"product","link":"https:\/\/oroha.com.mx\/?product=porta-bolsa-ag-011","title":{"rendered":"PORTA BOLSA AG 011 N\u00cdQUEL"},"content":{"rendered":"<p>Porta bolsa para colgar o exhibir bolsas, articulos.<br \/>\nMetal aleaci\u00f3n Zinc, Color N\u00edquel<br \/>\nAltura ajustable entre 40 y 65 cms<br \/>\n*Este exhibidor est\u00e1 dise\u00f1ado para exhibir 2 art\u00edculos<\/p>\n","protected":false},"excerpt":{"rendered":"<p>Porta bolsa AG-010 N\u00edquel<\/p>\n","protected":false},"featured_media":1796,"comment_status":"open","ping_status":"closed","template":"","meta":[],"product_brand":[],"product_cat":[53],"product_tag":[],"class_list":{"0":"post-1795","1":"product","2":"type-product","3":"status-publish","4":"has-post-thumbnail","6":"product_cat-porta-bolsas","8":"first","9":"instock","10":"shipping-taxable","11":"product-type-simple"},"_links":{"self":[{"href":"https:\/\/oroha.com.mx\/index.php?rest_route=\/wp\/v2\/product\/1795","targetHints":{"allow":["GET"]}}],"collection":[{"href":"https:\/\/oroha.com.mx\/index.php?rest_route=\/wp\/v2\/product"}],"about":[{"href":"https:\/\/oroha.com.mx\/index.php?rest_route=\/wp\/v2\/types\/product"}],"replies":[{"embeddable":true,"href":"https:\/\/oroha.com.mx\/index.php?rest_route=%2Fwp%2Fv2%2Fcomments&post=1795"}],"wp:featuredmedia":[{"embeddable":true,"href":"https:\/\/oroha.com.mx\/index.php?rest_route=\/wp\/v2\/media\/1796"}],"wp:attachment":[{"href":"https:\/\/oroha.com.mx\/index.php?rest_route=%2Fwp%2Fv2%2Fmedia&parent=1795"}],"wp:term":[{"taxonomy":"product_brand","embeddable":true,"href":"https:\/\/oroha.com.mx\/index.php?rest_route=%2Fwp%2Fv2%2Fproduct_brand&post=1795"},{"taxonomy":"product_cat","embeddable":true,"href":"https:\/\/oroha.com.mx\/index.php?rest_route=%2Fwp%2Fv2%2Fproduct_cat&post=1795"},{"taxonomy":"product_tag","embeddable":true,"href":"https:\/\/oroha.com.mx\/index.php?rest_route=%2Fwp%2Fv2%2Fproduct_tag&post=1795"}],"curies":[{"name":"wp","href":"https:\/\/api.w.org\/{rel}","templated":true}]}}